{"id":1317,"date":"2026-03-03T09:58:01","date_gmt":"2026-03-03T08:58:01","guid":{"rendered":"https:\/\/sk7ol.com\/?page_id=1317"},"modified":"2026-03-19T06:30:28","modified_gmt":"2026-03-19T05:30:28","slug":"sk7ol-pa-tradera","status":"publish","type":"page","link":"https:\/\/sk7ol.com\/index.php\/sk7ol-pa-tradera\/","title":{"rendered":"SK7OL p\u00e5 TRADERA"},"content":{"rendered":"<div class=\"wp-block-image\">\n<figure class=\"aligncenter size-full\"><a href=\"https:\/\/www.tradera.com\/profile\/items\/6905505\/sk7ol\" target=\"_blank\" rel=\" noreferrer noopener\"><img loading=\"lazy\" decoding=\"async\" width=\"462\" height=\"412\" src=\"https:\/\/sk7ol.com\/wp-content\/uploads\/2026\/03\/Skarmavbild-2026-03-03-kl.-09.53.21.png\" alt=\"\" class=\"wp-image-1318\"\/><\/a><\/figure>\n<\/div>\n\n\n<p class=\"has-medium-font-size\">\u00c5BY Radioklubb har nu b\u00f6rjat s\u00e4lja sitt \u00f6verskott via Tradera.<br>Ta g\u00e4rna en titt och se om du hittar n\u00e5got du inte visste du beh\u00f6vde.<\/p>\n\n\n\n<p class=\"has-medium-font-size\">Vi l\u00e4gger in nya objekt l\u00f6pande, s\u00e5 h\u00e5ll utkik.<\/p>\n\n\n\n<p class=\"has-medium-font-size\"><a href=\"https:\/\/www.tradera.com\/profile\/items\/6905505\/sk7ol\" target=\"_blank\" rel=\"noreferrer noopener\">SK7OL p\u00e5 TRADERA<\/a><\/p>\n\n\n\n<p class=\"has-medium-font-size\">V\u00e4lkomna att fynda<\/p>\n","protected":false},"excerpt":{"rendered":"<p>\u00c5BY Radioklubb har nu b\u00f6rjat s\u00e4lja sitt \u00f6verskott via Tradera.Ta g\u00e4rna en titt och se om du hittar n\u00e5got du inte visste du beh\u00f6vde. Vi l\u00e4gger in nya objekt l\u00f6pande, s\u00e5 h\u00e5ll utkik. SK7OL p\u00e5 TRADERA V\u00e4lkomna att fynda<\/p>\n","protected":false},"author":1,"featured_media":0,"parent":0,"menu_order":0,"comment_status":"closed","ping_status":"closed","template":"","meta":{"footnotes":""},"class_list":["post-1317","page","type-page","status-publish","hentry"],"_links":{"self":[{"href":"https:\/\/sk7ol.com\/index.php\/wp-json\/wp\/v2\/pages\/1317","targetHints":{"allow":["GET"]}}],"collection":[{"href":"https:\/\/sk7ol.com\/index.php\/wp-json\/wp\/v2\/pages"}],"about":[{"href":"https:\/\/sk7ol.com\/index.php\/wp-json\/wp\/v2\/types\/page"}],"author":[{"embeddable":true,"href":"https:\/\/sk7ol.com\/index.php\/wp-json\/wp\/v2\/users\/1"}],"replies":[{"embeddable":true,"href":"https:\/\/sk7ol.com\/index.php\/wp-json\/wp\/v2\/comments?post=1317"}],"version-history":[{"count":7,"href":"https:\/\/sk7ol.com\/index.php\/wp-json\/wp\/v2\/pages\/1317\/revisions"}],"predecessor-version":[{"id":1357,"href":"https:\/\/sk7ol.com\/index.php\/wp-json\/wp\/v2\/pages\/1317\/revisions\/1357"}],"wp:attachment":[{"href":"https:\/\/sk7ol.com\/index.php\/wp-json\/wp\/v2\/media?parent=1317"}],"curies":[{"name":"wp","href":"https:\/\/api.w.org\/{rel}","templated":true}]}}