{"id":7,"date":"2022-03-04T18:13:51","date_gmt":"2022-03-04T17:13:51","guid":{"rendered":"http:\/\/localhost\/?page_id=7"},"modified":"2026-02-25T06:03:53","modified_gmt":"2026-02-25T05:03:53","slug":"styrelse","status":"publish","type":"page","link":"https:\/\/sk7ol.com\/index.php\/styrelse\/","title":{"rendered":"Styrelse"},"content":{"rendered":"\n<p class=\"has-medium-font-size\">Efter val vid \u00e5rsm\u00f6te 2026<\/p>\n\n\n\n<p><strong>Ordf\u00f6rande:<\/strong><br>Jan Emanuelsson SM7KOJ <a href=\"sm7koj@telia.com\">sm7koj(at)telia.com<\/a><\/p>\n\n\n\n<p><strong>Kass\u00f6r:<\/strong><br>Stefan Nilsson SA7SAP<br><br><strong>Sekreterare: <\/strong><br>Tommy H\u00e5kansson SM7OYD<br><br><strong>Vice ordf\u00f6rande: <\/strong><br>Per-Olov Johansson SM7SPG<\/p>\n\n\n\n<p><strong>Ledamot:<\/strong><br>Vakant<\/p>\n\n\n\n<p><strong>Suppleanter:<\/strong><br>Jan Hov\u00e9n SM7DOX<br>Bengt Borg SA0BBO<\/p>\n\n\n\n<p><\/p>\n","protected":false},"excerpt":{"rendered":"<p>Efter val vid \u00e5rsm\u00f6te 2026 Ordf\u00f6rande:Jan Emanuelsson SM7KOJ sm7koj(at)telia.com Kass\u00f6r:Stefan Nilsson SA7SAP Sekreterare: Tommy H\u00e5kansson SM7OYD Vice ordf\u00f6rande: Per-Olov Johansson SM7SPG Ledamot:Vakant Suppleanter:Jan Hov\u00e9n SM7DOXBengt Borg SA0BBO<\/p>\n","protected":false},"author":1,"featured_media":0,"parent":0,"menu_order":0,"comment_status":"closed","ping_status":"closed","template":"","meta":{"footnotes":""},"class_list":["post-7","page","type-page","status-publish","hentry"],"_links":{"self":[{"href":"https:\/\/sk7ol.com\/index.php\/wp-json\/wp\/v2\/pages\/7","targetHints":{"allow":["GET"]}}],"collection":[{"href":"https:\/\/sk7ol.com\/index.php\/wp-json\/wp\/v2\/pages"}],"about":[{"href":"https:\/\/sk7ol.com\/index.php\/wp-json\/wp\/v2\/types\/page"}],"author":[{"embeddable":true,"href":"https:\/\/sk7ol.com\/index.php\/wp-json\/wp\/v2\/users\/1"}],"replies":[{"embeddable":true,"href":"https:\/\/sk7ol.com\/index.php\/wp-json\/wp\/v2\/comments?post=7"}],"version-history":[{"count":8,"href":"https:\/\/sk7ol.com\/index.php\/wp-json\/wp\/v2\/pages\/7\/revisions"}],"predecessor-version":[{"id":1303,"href":"https:\/\/sk7ol.com\/index.php\/wp-json\/wp\/v2\/pages\/7\/revisions\/1303"}],"wp:attachment":[{"href":"https:\/\/sk7ol.com\/index.php\/wp-json\/wp\/v2\/media?parent=7"}],"curies":[{"name":"wp","href":"https:\/\/api.w.org\/{rel}","templated":true}]}}